17 - 2)
30
What is (-1 - (28 - 49)) + (-37 - -6) - (-1 - -114)?
-124
What is (69 + -159 - -163) + -198?
-125
18 + (-18 - -1) - -39 - (-1 - (4 - -1))
46
What is 13 - ((-9 - -10 - -2 - -24) + 11)?
-25
(7 - -1) + (-58 - -29) + 42 + -13
8
What is the value of (-2 + 47 - 84) + 16?
-23
What is the value of (-64 - (-42 + 28)) + -31?
-81
Evaluate -5 + (-12 - -11 - 45) + 2 + 0.
-49
What is -74 - (1 + 27 + (1481 - 1482))?
-101
Calculate -6 + -125 + 24 + 52.
-55
Calculate (-110 + 129 - (5 + 3 + -6 + -1)) + 15.
33
What is the value of 45 - 106 - -46 - -40?
25
Evaluate -3 + 56 + -3 + -12.
38
Calculate 37 + (-18 + 18 - -11) + 7 + -21.
34
2 + -139 - (-52 + -122)
37
What is the value of (7 - (-7 - -3) - 2) + (42 - 58) - 0?
-7
Evaluate (-1611 - -1628) + (-2 - (-2 + (-2 - -2))).
17
What is the value of (112 - 121) + -18 + 7 + 1?
-19
Evaluate (-35 + 4 - -55) + -28 - 131.
-135
What is (4 - (13 - 9)) + -36 + 52 + -32?
-16
-157 + 111 + (28 - (-8 + 7))
-17
Evaluate -28 - -4 - (-8 - 0) - (-15 + 7).
-8
What is 162 - (-119 - (-217 - -63))?
127
What is -36 + (53 - 37) + -6 + 88?
62
What is the value of (4 - ((-32 - -14) + 28 + -13)) + 26?
33
-4791 + 4810 - (0 - (1 + -61))
-41
What is -9 + 11 + -18 + 18 + 3?
5
What is the value of -11 - (36 - (-24 + -54 + 25) - (-2 - 0))?
-102
What is the value of -2 - -10 - ((160 - 119) + (5 - -2 - -1))?
-41
Evaluate -15 - (-13 - (8 - (-12 - -21))) - -3.
0
Evaluate (-1 + 62 - (91 - 99)) + (-36 - -27).
60
Evaluate -5 + (-3 - (2 - 4)) + (3 - 1) + -1.
-5
What is (13 - 20) + (27 - 10)?
10
What is the value of -81 - (10 + -20 - 24)?
-47
What is the value of 163 + (96 - 136) + -82?
41
Calculate (0 - 1 - -11) + (22454 - 22463).
1
What is (-57 - -82) + (-1 - -20) + 2?
46
Calculate (10 - 0) + (-1291 + 1301 - (-5 + -1)).
26
-41 + (65 - -7) + 17
48
Evaluate (10 - (47 + -136)) + -106.
-7
39 - (44 + -61 - -41)
15
Calculate 1 + -8 - -95 - (-135 + 171).
52
Calculate (-4 - 7) + 2 + (-40 - -2) + (-6 - 0).
-53
What is 6 + (39 - (30 + (-10 - 3)))?
28
(-148 - -174) + (2 - (-3 - 1))
32
What is the value of (0 - 10) + (22 - (20 + -42 + 79))?
-45
14 + -25 + 13 + -18 + 19
3
36 - (0 - -1) - (-106 + -152 + 261)
32
What is the value of 5 + -36 + ((270 - 282) + (8 - 0) - -2)?
-33
(-15 - (-14 + -86)) + 3 + 14 - 9
93
Evaluate 1 + -14 + -23 + -1 + 6 + -5.
-36
Evaluate -23 - -11 - -4 - (-103 - -5) - (-15 + 22).
83
Evaluate -98 - (197 + -123 + -36).
-136
15 - 1 - (23 + -21 + 36)
-24
Evaluate (-767 - -765) + (0 - -11).
9
Calculate (20 - 53) + -91 - -50.
-74
-179 + 170 + -6 + 15
0
Evaluate -23 + (17 - -16) + -23.
-13
What is -86 + 81 + 0 + -17?
-22
Calculate 5 + 7 + -1 - (23 - (-33 + 23)).
-22
Evaluate 3 + ((-11 - -2) + -53 + 4 - -8).
-47
What is -62 + 71 + (-12 - -15) + (-25 - -1) - -1?
-11
-12 + (10 + (0 - 5) - (50 + -88))
31
Calculate -44 + (-8 - (-5 - 13) - 9).
-43
Evaluate (-17 - -10) + (-18 - (11 - 0 - -5)).
-41
-81 + 51 + 33 + 16
19
Calculate -13 + (12 - 0 - (343 - 335)) + -13 + 128.
106
(6 - (-75 - -29)) + -26
26
What is -8 + -4 + (13 + -32 - -18) - 115?
-128
What is the value of 194 + -17 + -73 + 2 + 49?
155
-45 + (20 - (-82 + 11))
46
10 + (0 - 9 - -9 - -18) + 2
30
1071 + -1104 + (0 + 1 + 2 - 0) + -5
-35
-4 + 11 - (10 + (13 - 24))
8
What is the value of (36 - (0 - 0)) + -47 + 105 + -63?
31
Calculate -5 + 7 + 3 + (15 - (4 + 11 + -66)).
71
What is the value of (6 - (-24 + 17 + 9)) + 3?
7
Evaluate 25 - (25 - -84 - -2).
-86
Evaluate 51 + -101 - (-8 + (26 - 22 - (-1 - -4))).
-43
What is the value of 0 + 11 + (2 + -1 - 1) - (32347 + -32314)?
-22
Evaluate (-23 - (-15 + -27)) + (17 - -4).
40
What is -24 + 8 - (-9 - (12 + (-3 - 0)))?
2
Evaluate 18 + -14 + 2 - 37.
-31
Evaluate (4 - (-10 - (-17 + 1))) + 33 + -79.
-48
Evaluate (47 - (27 - 8)) + -18 + (1 - 2) + -2.
7
What is the value of (-2 - -18) + (222 - 161)?
77
Calculate 3 + (102 - 2) - (9 - -21 - (52 - 10)).
115
What is -47 - -49 - (-34 - -7) - -16?
45
What is the value of 19 - (-4 + (-17 - (-95 + 13)))?
-42
What is the value of (3 - (-8 + (-14 + 35 - 13))) + -2?
1
What is the value of 74 + 3 + -137 + (226 - 73)?
93
3 + (51 - 40 - (17 - 5))
2
16 - (-3 + (-1 + 3 - 17))
34
Calculate -57 + (-7 - -17) + (4 + 3 - 20).
-60
What is the value of -6 + (54 + -8 - 76)?
-36
What is the value of -1 - -7 - (-127 - (-168 - -58))?
23
What is (1 - 25) + 21 - -1 - -17?
15
Evaluate (-19 + 52 - 24) + (3 - 2 - 16).
-6
What is 1 + -14 - (105 + 54 - 129)?
-43
Evaluate -18 + 25 + 4 + -21 + -3 + 14.
1
Calculate (275 - 238) + (0 + 4 - (-7 - (-6 - 3))).
39
-13 - 166 - (-107 + 23)
-95
What is the value of 2 - 24 - -9 - -23 - -50?
60
What is the value of 17 - ((82 - 103) + (-11 - 5 - 4))?
58
-17 - (-8 + -79 + 96 + 92 + -1)
-117
-500 + 451 + 6 + 81
38
What is (-18 - (-5 - (99 - 15))) + (-6 - 2)?
63
What is the value of (-6 - 0) + -1 - (53 - 94)?
34
(-12 - ((-10 - -3) + 6)) + (-7 - -14) + -6
-10
What is -4 - 4 - (126 - 67) - 7?
-74
Calculate (0 - -54) + -65 - 23.
-34
Calculate -30 - 86 - ((21 - -24) + -41).
-120
Calculate 12 + 13 + -33 + (-7 - 4).
-19
Calculate 1 - -40 - ((-230 - 123) + 319).
75
Evaluate -13 + 140 - (-3 + 6 - (-19 - -4)).
109
Calculate (-113 + 387 - 90) + -82.
102
Evaluate 51 - (12 + (-4 - 25 - -20)).
48
What is the value of -41 + 99 - (-7 + 8 + 8)?
49
10 - (41 + (-50 - -13) + 1 + -31 + -1)
37
What is (21 - (11 - -13) - (1 - -1)) + -3 + 7?
-1
Evaluate 20 + (-8 - 14) - 37.
-39
What is the value of (-207 - -172) + (1 - -25) + 53?
44
-8 + 27 - ((0 - 0) + 2)
17
Evaluate 17 + -85 + (15 - 4 - -1).
-56
What is (-70 - -22) + -3 - (8 + (3 - 0))?
-62
Evaluate -18 - (9 + 10 - 12) - 3.
-28
Calculate 566 - 618 - (-4 + 54).
-102
27 + -7 - 103 - (3 - 8 - -26)
-104
-21 + 10 - -3 - 5 - -7 - -26
20
Evaluate -117 + (-8 - (4 - 33)).
-96
100 - -1 - (47 + -98 + 27 - -34)
91
Evaluate -7 + -5 - 8 - -49 - 39.
-10
Evaluate -24 + (-7 - -18) - 17 - -12.
-18
1 + 36 - (-47 - (-66 + -11))
7
What is (38 + 59 - 31) + -70?
-4
Calculate -44 + -77 - (15 - 71).
-65
Calculate -1 - 3 - (178 + -161 - (-2 + 54 + 0)).
31
70 + -54 + (-25 - (16 - 22))
-3
Calculate -100 + 6 + 171 + -126.
-49
What is the value of 110 + (-108 - -32) + 61?
95
Evaluate 0 - 11 - (551 - 560) - 14.
-16
What is 4 - 17 - (-14 + 3 + 19 + (5 - 13))?
-13
Calculate (31 - (-26 + -42 + 87)) + 82.
94
-10 + (-1 - (-4 - (23 - 7) - -49))
-40
What is the value of 7 + -10 - -22 - 17 - 1?
1
Calculate (-15 + 1 - -9) + -7 + (45 - 8).
25
Evaluate -2 + 11 + (4 + 0 - (46 - 50)).
17
What is -27 + (-3 - ((1 - (-1 - -1)) + -3331 + 3317))?
-17
Evaluate (3 - 6 - (-7 - -4)) + 38 - (6315 - 6300).
23
261 + -285 - (-15 + 19)
-28
What is -617 + 582 - (-65 - 1) - (-13 - 1)?
45
100 + (-80 - 4) - (0 - 13)
29
Evaluate 5 - (1 + 4) - (1 + -16 - (-298 + 332)).
49
Calculate (-2 - 5 - -18) + -4 + -19 + -5 + 4.
-13
Evaluate (-70 - (-81 + -31)) + 0 + -6.
36
Evaluate -9 - 36 - (508 + -638).
85
-61 + 67 + 22 + 5 + (7 - (8 + 7))
25
What is (-758 - -753) + -13 + -3?
-21
Calculate 6 + 5 - ((4 - 10) + -1 + 5).
13
40 - (108 + (-64 - -19))
-23
What is the value of -8 + (13 - -66) - (9 - (-27 + 45))?
80
12 - (7 - -8 - (9 + -4 - -52))
54
11 - (614 + -643 + (5 - -1 - -4))
30
Calculate (-13 + -11 - -149) + (-12 - -20) - -10.
143
(3 - 11) + -1 + 7 + 484 + -412
70
What is -6 + -1 + 0 + (-11 - -11) + (519 - 509)?
3
What is the value of -7 + (3 - (2 + -22) - 8)?
8
What is -5 + -16 + -11 + 13 + 17?
-2
What is the value of 5 - -18 - (-7 - -33) - 16?
-19
226 + -231 - (2 + -3 - 24)
20
-36 - -46 - (2 + 15) - (35 + 0)
-42
-84 - (-9 - 13 - 26)
-36
Evaluate (139 + 14 - -6) + -24 + 7 + -2.
140
Calculate -206 + (315 - 162) + (-1 + -13 - 0).
-67
What is the value of 95 - (194 + (72 - 114))?
-57
Calculate -422 + 162 - -24 - -95.
-141
What is the value of 14 - 54 - (4 - 56)?
12
Evaluate (-7 + 5 - -8) + 12 + -6 + -72 + -6.
-66
What is 8 + (9 - (-9 - -8)) + 1 + -12 + 0?
7
What is the value of 50 - (-24 + 53 + -5)?
26
What is the value of -1085 - -1079 - (-50 - -1 - (1 + 1))?
45
Evaluate 0 + (-29 - -34 - (4 - 0)) + -68 + 29.
-38
What is 9 - (22 - (-12 + 6 + -6 - -4))?
-21
Evaluate 55 - (21 - 32) - (-3 + 24 + 1 - 7).
51
Calculate -55 + 0 + (7 - -1) + 1 + (853 - 867).
-60
(5 - (4 + 1) - 0) + 115 + -106
9
What is -9 + (-23 + 5 - -8)?
-19
16 + -54 - (27 - 18 - 10 - (-2 + -3))
-42
Evaluate (11 - -2) + -46 - (-80 - -47).
0
Calculate -205 - -204 - (-8 + 2) - -72.
77
Calcula